1001011100 + 1?
-1101001011011
In base 2, what is 100011011001 - -1110?
100011100111
In base 8, what is 0 - -351?
351
In base 2, what is 111 + -101111?
-101000
In base 2, what is 101 - -11?
1000
In base 13, what is 20 + 0?
20
In base 3, what is -220 + -101?
-1021
In base 4, what is -1231 + 2?
-1223
In base 5, what is -4 - 30?
-34
In base 10, what is 1106 - -5?
1111
In base 6, what is 3 + -225?
-222
In base 3, what is -21 - -210021?
210000
In base 5, what is 3 + 2241?
2244
In base 8, what is 1 + 243?
244
In base 9, what is -2 - 234?
-236
In base 2, what is -1010001 + -1?
-1010010
In base 16, what is 3 + -2ef?
-2ec
In base 11, what is 138 + -27?
111
In base 8, what is -1245 + 5?
-1240
In base 15, what is 3 - 18?
-15
In base 5, what is 112 - -1?
113
In base 12, what is a - -2?
10
In base 5, what is 0 + 102122?
102122
In base 15, what is 55 + 2?
57
In base 7, what is -34 + 1235?
1201
In base 10, what is 1 - -3149?
3150
In base 4, what is 1 + 222?
223
In base 12, what is -2 - 26?
-28
In base 15, what is -3 - -39?
36
In base 13, what is 5 - -54?
59
In base 3, what is 1 + -22212?
-22211
In base 3, what is -110110122 + 2?
-110110120
In base 2, what is -101 + -10111110?
-11000011
In base 15, what is -1068 + 5?
-1063
In base 11, what is 12 - -13?
25
In base 6, what is -34 + 51?
13
In base 7, what is -3 - -10?
4
In base 2, what is 11 - -100011101?
100100000
In base 14, what is -c5 + 3?
-c2
In base 14, what is -5 - -c7?
c2
In base 4, what is -11212 + -1?
-11213
In base 16, what is 1 - 10?
-f
In base 10, what is 779 - 3?
776
In base 10, what is -1 + -2918?
-2919
In base 7, what is 453 + 15?
501
In base 4, what is 11 + -221?
-210
In base 6, what is -1 + -44054?
-44055
In base 7, what is 64 - -34?
131
In base 12, what is 38b - -5?
394
In base 14, what is -d8 - -41?
-97
In base 15, what is 1 - -185b?
185c
In base 10, what is -343 + 1?
-342
In base 15, what is 14 - -2?
16
In base 12, what is 169 - -3?
170
In base 11, what is -86 + 2?
-84
In base 3, what is -2112 - -121?
-1221
In base 6, what is 10 - 0?
10
In base 14, what is 2 - -252?
254
In base 4, what is -1331 + -12?
-2003
In base 15, what is -a + 3?
-7
In base 7, what is -5 + -3310?
-3315
In base 2, what is -1001 - -111110110?
111101101
In base 9, what is 16478 - -2?
16481
In base 2, what is -10101011 - 10?
-10101101
In base 9, what is 880 - -2?
882
In base 2, what is -110110 - 1?
-110111
In base 14, what is 8 + 8?
12
In base 9, what is -766 - -16?
-750
In base 15, what is -57 - -88?
31
In base 14, what is -9 + 19?
10
In base 7, what is 113 + -54?
26
In base 15, what is -1 - b82?
-b83
In base 14, what is -a7 - c5?
-18c
In base 12, what is -8a - -11?
-79
In base 14, what is 432 + 2?
434
In base 5, what is -224030 - -10?
-224020
In base 15, what is -30 + 20?
-10
In base 12, what is 1 - 1b?
-1a
In base 16, what is 11f + b?
12a
In base 13, what is 6b - 2?
69
In base 9, what is -10 + -77?
-87
In base 12, what is -2 - -a61?
a5b
In base 5, what is 10 - 334?
-324
In base 7, what is 5 + -10652?
-10644
In base 8, what is 0 + -50?
-50
In base 5, what is 10 + -33233?
-33223
In base 10, what is 868 + 5?
873
In base 3, what is -10011 + 212?
-2022
In base 15, what is 16d - 3?
16a
In base 6, what is 2 - -131?
133
In base 3, what is -12000121 + 11?
-12000110
In base 9, what is -4882 + 1?
-4881
In base 16, what is -a6 + 2a?
-7c
In base 12, what is -298 - -16?
-282
In base 8, what is -4 + -23?
-27
In base 11, what is 4 + 39?
42
In base 15, what is -442 + -1?
-443
In base 7, what is 54 + 2?
56
In base 12, what is -2b - 1?
-30
In base 2, what is -110011010011 + 11?
-110011010000
In base 10, what is -118 + -5?
-123
In base 6, what is -110202 + -5?
-110211
In base 9, what is -2 - -141?
138
In base 11, what is -28 + 6?
-22
In base 4, what is 32 - 112?
-20
In base 15, what is -47a + -4?
-47e
In base 14, what is -6 + 1cb?
1c5
In base 11, what is 2 + -7a?
-78
In base 16, what is -a - 18?
-22
In base 8, what is -3 + -363?
-366
In base 7, what is -1 + 61?
60
In base 16, what is 91 + 4?
95
In base 2, what is 110110100 - -10111?
111001011
In base 16, what is 5 - -9?
e
In base 11, what is 44 - -22?
66
In base 4, what is -23201 - 10?
-23211
In base 11, what is 33 + -29a?
-267
In base 16, what is 1 - -3b?
3c
In base 13, what is 18 - 8?
10
In base 8, what is -645 + 2?
-643
In base 10, what is -5679 + 5?
-5674
In base 7, what is -20 - 30?
-50
In base 13, what is 26 - -3cb?
424
In base 8, what is 7 + 165?
174
In base 5, what is -302 + 22?
-230
In base 14, what is 813 + 2?
815
In base 7, what is 3144 - -5?
3152
In base 14, what is -9 + 4?
-5
In base 2, what is -10100000 - 0?
-10100000
In base 12, what is 62 - 52?
10
In base 5, what is -21 - -304?
233
In base 13, what is 1 - -a82?
a83
In base 10, what is -1 + 22?
21
In base 4, what is -22 - -2103?
2021
In base 15, what is -4b + 5?
-46
In base 8, what is 5 + 20?
25
In base 11, what is 67 - 21?
46
In base 6, what is 34451 - -3?
34454
In base 16, what is fa - 4?
f6
In base 16, what is -129 - -2?
-127
In base 16, what is -6 - -34e?
348
In base 3, what is 121112010 + 11?
121112021
In base 2, what is -101 - 11110110010?
-11110110111
In base 12, what is -23 + b?
-14
In base 10, what is 67 - 335?
-268
In base 12, what is -46 - 17b?
-205
In base 15, what is 5 - -8c?
92
In base 2, what is -100 - -1100111010?
1100110110
In base 6, what is -201 + 130?
-31
In base 3, what is -21 - 1?
-22
In base 15, what is -4979 - -2?
-4977
In base 16, what is 15c2 + 4?
15c6
In base 3, what is 2001 - 10?
1221
In base 15, what is -4 - 17?
-1b
In base 4, what is -132 - 10?
-202
In base 5, what is -3143 - 4?
-3202
In base 14, what is 23 - 3?
20
In base 3, what is -100220 - -1?
-100212
In base 3, what is 2 - 200?
-121
In base 3, what is -10002 - -1011?
-1221
In base 8, what is 553 - -3?
556
In base 3, what is -101010 - -1?
-101002
In base 8, what is -46 + -75?
-143
In base 10, what is 6 + -5?
1
In base 7, what is 2 + -115?
-113
In base 14, what is -5b6 - -5?
-5b1
In base 13, what is -57 - -7?
-50
In base 5, what is 10 - 111?
-101
In base 7, what is 512 + 35?
550
In base 12, what is 171a - -2?
1720
In base 14, what is 3 + 160?
163
In base 13, what is -4 - 7b?
-82
In base 6, what is -4152 - -5?
-4143
In base 9, what is -24 - 12?
-36
In base 16, what is f - -a?
19
In base 10, what is -3 - 48?
-51
In base 5, what is -3 - -1130?
1122
In base 4, what is 210 - 3?
201
In base 6, what is -4 + -404?
-412
In base 14, what is -4 - 105?
-109
In base 6, what is -2 - 205?
-211
In base 12, what is 1544 - 3?
1541
In base 14, what is -bd + a?
-b3
In base 3, what is -222 - 12022?
-20021
In base 3, what is 1011 + -2110?
-1022
In base 14, what is -d + 19?
a
In base 7, what is 20 + 0?
20
In base 14, what is -629 - -5?
-624
In base 5, what is 13320 + -4?
13311
In base 3, what is -1102 - 2122?
-11001
In base 3, what is -210202 - -1012?
-202120
In base 3, what is 20 - -101102?
101122
In base 7, what is 5331 - -5?
5336
In base 2, what is -1001101 + -11111?
-1101100
In base 9, what is 3 + 484?
487
In base 9, what is 2678 - 0?
2678
In base 14, what is -2cd0 + 3?
-2ccb
In base 5, what is 33 + -141?
-103
In base 3, what is 11 - 120102?
-120021
In base 9, what is -52 + -18?
-71
In base 13, what is -18 - 9b?
-b6
In base 3, what is -110 + -2220?
-10100
In base 3, what is -221 - -122?
-22
In base 15, what is -404 + -3?
-407
In base 10, what is 1 - 19?
-18
In base 6, what is -442 - -4?
-434
In base 15, what is 1b7 + -5?
1b2
In base 5, what is -34321 + -10?
-34331
In base 5, what is 10 - 104?
-44
In base 14, what is 20 - -92?
b2
In base 3, what is 10111100 - 1?
10111022
In base 2, what is 110 + 1010?
10000
In base 11, what is 3 + -59?
-56
In base 6, what is 11 + -22154?
-22143
In base 5, what is 44 + 123?
222
In base 13, what is b - -3?
11
In base 4, what is 10131 - 3?
10122
In base 14, what is -47 + 3?
-44
In base 6, what is 2 - -211?
213
In base 14, what is 25 - 1?
24
In base 4, what is -312 + 30?
-222
In base 6, what is -4 + -10?
-14
In base 16, what is -32 + -1c?
-4e
In base 14, what is -2 - 7c4?
-7c6
In base 15, what is -1c + -61?
-7d
In base 16, what is -3 + -22?
-25
In base 2, what is -10 + 1011011?
1011001
In base 4, what is -20 - 111?
-131
In base 14, what is 1 + 14?
15
In base 6, what is 1213 - -4?
1221
In base 4, what is 0 - -120?
120
In base 9, 